inder when n(6) is divided by 51.
26
Let m(f) = 160*f + 2247. Calculate the remainder when m(14) is divided by 33.
32
Suppose 29 = 5*h + 4*d, -2*d - 3*d = 2*h - 15. Suppose 0 = 3*v - 2*v - 2, 4*x + h*v = 218. What is the remainder when x is divided by 8?
4
Let l be 14*(63/(-90) - (-1)/5). Let a be 2/4*0/(l - -15). Suppose -2*j = -a - 102. What is the remainder when j is divided by 13?
12
Suppose -t - 21*c = -20*c - 32, -3*t + 82 = -4*c. Calculate the remainder when 1918 is divided by t.
28
Suppose -6*k - 541 + 1687 = 0. Let j = 653 - 619. Calculate the remainder when k is divided by j.
21
Let j(o) be the second derivative of -4*o**3/3 - 47*o**2/2 + 17*o. Calculate the remainder when j(-22) is divided by 16/40*(1 + 109).
41
Let u(l) = -l. Let p(c) = -c + 1. Let g(s) = -2*p(s) + u(s). Calculate the remainder when 14 is divided by g(7).
4
What is the remainder when (-548495)/(-1467) + 32/(-36) is divided by 44?
21
Suppose 4 = -4*m, 5*i - 7 = 2*i + m. Let h = 111 - 65. Calculate the remainder when h is divided by (-3 - (-4 + -2))*(2 + i).
10
Suppose 454 = 5*a - 196. Suppose 39 = 2*d + y - 14, 5*d = -2*y + a. What is the remainder when 73 is divided by d?
1
Suppose -176*a - 5292 = -554*a. Let x = -78 - -131. What is the remainder when x is divided by a?
11
Let i(s) = 7*s**3 - 18*s**2 + 8*s - 11. What is the remainder when 1466 is divided by i(4)?
18
Let t = -2633 + 2720. What is the remainder when t is divided by 18?
15
What is the remainder when 1/(-3) + (-19)/((-114)/3104) is divided by 31?
21
Suppose 12352 + 986 = 71*i + 3469. Calculate the remainder when 881 is divided by i.
47
Let y(c) = -188*c + 1973. Calculate the remainder when y(8) is divided by 113.
17
Suppose 11*f - 12*f - 188 = -5*v, 4*f + 182 = 5*v. What is the remainder when 177 is divided by v?
25
Let f be (31 + -28)/(6/4). Suppose 3*k = -f*g + 42 - 4, 3*g - k = 79. What is the remainder when 74 + (2 - (-6)/(-3)) is divided by g?
24
Suppose 186*m + 5*h = 184*m + 186, 3*m - 222 = 2*h. What is the remainder when 370 is divided by m?
58
Suppose 593*f - 203*f - 300849 = -35649. Calculate the remainder when f is divided by 674.
6
Let p = 121 + -119. Suppose 3*t + p = 2*t - 2*d, 5*t - 14 = -2*d. Suppose -5*z = v - 6*v + 85, -12 = t*z. Calculate the remainder when 97 is divided by v.
13
Let o = -863 + 728. Let d = 165 + o. Let x = -46 - -100. Calculate the remainder when x is divided by d.
24
Suppose -5*v = -m + 110, 4*m - 488 + 48 = 5*v. Let u = m + -13. Let p = -580 - -590. What is the remainder when u is divided by p?
7
Calculate the remainder when 375 is divided by ((-45)/5 + 8)*0 - -182.
11
What is the remainder when (-3570)/170 + (2833 - 1) is divided by 38?
37
Suppose 5*g = -0*g + 60. Suppose 0 = -3*p - m - 7, -7*p + 9*p + 3 = -m. Calculate the remainder when (2 + (-68)/p)/(6/18) is divided by g.
9
Let q = -1114 - -1105. Let x(d) = -5 - 3*d + 2*d - d. Calculate the remainder when x(q) is divided by 10.
3
Let r be (-1)/(-7)*7 - (-1 + 0). Suppose -i + 7 = z, -3*i = -2*z + r*i + 14. Suppose 13*y - z*y = 48. Calculate the remainder when y is divided by 5.
3
Suppose 7*p - 4*p + 23*p - 2054 = 0. What is the remainder when 473 is divided by p?
78
Let l(k) = k**3 - 21*k**2 - 223*k + 36. What is the remainder when 418 is divided by l(29)?
121
Suppose 0 = -0*m - 4*m + 52. Let s(u) = -u**2 + 70*u + 216. Let o be s(-3). What is the remainder when 24 is divided by (o/(-6))/((13/18)/m)?
6
What is the remainder when 67 is divided by (1/(-2 - -1) + 2/4)*-50?
17
Suppose 7*q = 1174 + 2767. Let d = 574 - q. Calculate the remainder when 61 is divided by d.
6
Suppose -183 = -5*c - 18. Let f be 1/5*-4 - (-2358)/10. Suppose -1313 = -11*l - f. Calculate the remainder when l is divided by c.
32
Let i = 110 + -61. Suppose -t + 2*g + 3*g = -i, -2*g + 4 = 0. Suppose 2*p = 3*s - 38, 0 = 5*s - 6*p + 5*p - 61. What is the remainder when t is divided by s?
11
Suppose -4*m + 16 = 0, -42*m + 252 = 2*g - 41*m. Let q = -72 - -104. Suppose 2*h + q = 4*h. Calculate the remainder when g is divided by h.
12
Let o(c) = c**3 - 13*c**2 - 55*c - 110. Let v = 2302 + -1640. Calculate the remainder when v is divided by o(17).
107
Let w(g) be the third derivative of -g**6/120 - 4*g**5/15 + 17*g**4/24 - 35*g**3/6 - 148*g**2 - 2. What is the remainder when w(-18) is divided by 11?
10
Suppose 10*s - 15276 = 5*s + 2*n, -4*s - 3*n + 12207 = 0. Calculate the remainder when s is divided by 161.
156
Calculate the remainder when ((-484)/16)/(14/(-560)) is divided by 300.
10
Let i = -13 - -25. Suppose 0 = -4*g - 4*d + 472, -2*d + 2 = -0*d. Calculate the remainder when g is divided by (i - 2)/(11/44).
37
Suppose -3*x + 950 = 16*x. What is the remainder when 237 is divided by x?
37
Let q(l) = 4*l**2 + 192*l + 1378. What is the remainder when 2072 is divided by q(-44)?
50
Let f = 6214 - 5944. What is the remainder when 765 is divided by f?
225
Let r = -39 - -77. Suppose -4*v - 3*d + 300 = 0, 2 = -d - 2. Let a = v + -57. What is the remainder when r is divided by a?
17
Suppose 4*x - 1555 = -3*l, 474 = 451*l - 450*l - 5*x. What is the remainder when l is divided by 102?
101
Let h = -65 + 100. Let x(k) = k**2 - 3. Let d be x(0). Calculate the remainder when (2 + 2 + d)*68 is divided by h.
33
Let g be 8 + 0 + 288/(-48). Suppose g*c - 5*x = 29 + 34, 5*c - 143 = -2*x. What is the remainder when 63 is divided by c?
5
Suppose -6363 = -11*d + 4*d - 21. Calculate the remainder when d is divided by 297.
15
Let j(k) = -46*k - 802. Let u(m) = m**3 - 7*m**2 - 7*m + 2. What is the remainder when j(-18) is divided by u(8)?
6
Suppose -59*c + 8888 = -3089. What is the remainder when 1220 is divided by c?
2
Let x = -47 + 50. Suppose 0 = 2*z + 3*n - 9, x*z - 4 = 3*n + 2. Suppose z*h + 310 = 13*h. Calculate the remainder when h is divided by 23.
8
Suppose -7*r = -5*r - 2, -i + 2*r + 3 = 0. Calculate the remainder when 77 is divided by -3 + (16 + i - 2).
13
Let m(i) = 4*i**2 - 174*i + 352. Let d(p) = 2*p**2 - 5*p. Let o = 2 + 2. Calculate the remainder when m(2) is divided by d(o).
8
Let l = -31 - -33. Let o(w) = -18*w - 291. What is the remainder when o(-21) is divided by (-23)/(1/l*-2)?
18
Let l(f) = 3*f - 37. Let j be -39 - (5 - (0 - -2)). Let g = j - -64. What is the remainder when l(g) is divided by 4?
1
Let m be 4/(1 - -3 - 477/119). Let s = 763 + m. Calculate the remainder when s is divided by 29.
26
Suppose -p + 3601 = -7*a + 5*a, -25074 = -7*p - 5*a. Calculate the remainder when p is divided by 21.
17
Let g(h) = 2*h**2 - 115*h - 124. What is the remainder when g(59) is divided by 13?
1
Let b(d) = 6*d**2 + 4*d - 8. Calculate the remainder when 481 is divided by b(-6).
113
Suppose 707 = 93*k - 1711. Calculate the remainder when 2053 is divided by k.
25
Let x = 105 - 73. Let s(z) = 217*z + 3750. What is the remainder when s(-17) is divided by x?
29
Suppose 0 = 5*w + 5, 2*l - 7*w - 93 = -2*w. Let m = -663 - -762. What is the remainder when m is divided by l?
11
Let b(a) = 81*a + 1579. What is the remainder when 3959 is divided by b(-19)?
39
Let l(q) = q**2 + 8*q - 260. Calculate the remainder when 751 is divided by l(-21).
10
Let o(d) = -6 - 20 - 17*d + 5 - 72. What is the remainder when o(-15) is divided by 15?
12
Calculate the remainder when 745 is divided by (-580)/(-17) + ((-1288)/(-476))/(-23).
31
Let l = -2588 - -3032. What is the remainder when l is divided by 5?
4
Suppose -4*w + 2*c + 1928 = 0, -22*w - 3*c = -24*w + 956. What is the remainder when w is divided by 235?
14
Let i(h) = 28*h - 725. What is the remainder when i(34) is divided by 91?
45
Let z(m) = -m**2 + 23*m - 12. Let p(x) = -x**2 - 2*x + 1. Let u be p(2). Let s = u - -24. Calculate the remainder when z(19) is divided by s.
13
Let z = 5388 - 2809. Calculate the remainder when z is divided by 17.
12
Let q be 28/6 + 24/(-9) + 2. Suppose 47 = q*r - 5*s, 2*s - 3 = -9. What is the remainder when 53 is divided by (-434)/(-28) - (-2)/r*-2?
8
Suppose 2*h + 30 = 26. What is the remainder when ((3 - 1)/h)/((-10)/430) is divided by 25?
18
Suppose 312*m - 108 = 308*m. What is the remainder when 563 is divided by m?
23
Let j(i) = i**3 - 5*i**2 - 2. Let g be j(4). Let p = 20 + g. Suppose -y + 224 = -3*r + 6*r, -p*y - 77 = -r. Calculate the remainder when r is divided by 19.
18
What is the remainder 